16).
10
Let p(b) = b**3 + 34*b**2 - 71*b + 35. Determine p(-36).
-1
Let a(g) = g**3 - 15*g**2 - 44*g - 153. Determine a(18).
27
Let g(s) = 14*s - 89. Calculate g(3).
-47
Let m(f) = -f**2 - 15*f - 56. Give m(-14).
-42
Let h(a) = a**3 - 26*a**2 - 44*a - 10. What is h(27)?
-469
Let z(r) = -6980*r + 48853. Determine z(7).
-7
Let s(r) = r**3 + 8*r**2 + 25*r + 46. What is s(-4)?
10
Let l(c) = -16804*c + 218439. Calculate l(13).
-13
Let z(q) = -71*q - 13910. Determine z(-196).
6
Let m(o) = -19*o + 20. What is m(15)?
-265
Let l(k) = 40*k**2 + 2*k + 15. What is l(0)?
15
Let h(w) = 13*w**2 - w - 340. Give h(0).
-340
Let r(y) = -y**3 - 156*y**2 - 754*y + 148. What is r(-151)?
-3
Let p(l) = -l**3 - 38*l**2 - 118*l - 1658. What is p(-36)?
-2
Let p(g) = -g**2 + 30*g - 30. Give p(9).
159
Let u(g) = 309*g - 4637. What is u(15)?
-2
Let y(l) = -l**2 - 2*l + 324. What is y(17)?
1
Let h(z) = -387*z - 4578. What is h(-12)?
66
Let b(s) = 7*s**2 + 37*s + 49. What is b(-3)?
1
Let m(k) = -3*k**3 + 3*k**2 - 15*k + 23. What is m(2)?
-19
Let g(y) = 15*y**2 + 850*y + 849. Give g(-1).
14
Let v(a) = 4*a**2 + 144*a + 423. What is v(-3)?
27
Let w(q) = -3*q**3 - 103*q**2 + 72*q + 68. Calculate w(-35).
-2
Let k(j) = 4*j**3 + 53*j**2 - 14*j - 343. Calculate k(-13).
8
Let b(t) = -t**3 - 10*t**2 + 241*t - 64. Calculate b(11).
46
Let d(b) = 17*b - 1131. Give d(66).
-9
Let a(r) = 20*r - 170. Calculate a(9).
10
Let c(v) = v**3 + 38*v**2 + 48*v + 125. Calculate c(-36).
989
Let t(u) = -22*u + 2240. Calculate t(102).
-4
Let k(v) = 66*v - 14. Calculate k(-2).
-146
Let d(l) = -6*l**2 + 366*l - 7. Calculate d(61).
-7
Let v(s) = 7*s + 336. Determine v(-51).
-21
Let a(r) = 123*r - 21661. Calculate a(176).
-13
Let t(b) = -2*b**2 + 336*b + 3484. Calculate t(-10).
-76
Let k(t) = 4*t**3 - 2*t**2 + 7*t + 88. Calculate k(-4).
-228
Let p(h) = -h**3 + 48*h**2 - 6*h + 311. What is p(48)?
23
Let k(j) = -7*j**2 - 10*j + 62. Give k(6).
-250
Let u(x) = -9*x - 146. Determine u(-16).
-2
Let s(i) = 17*i**2 + 110*i + 1. Give s(-3).
-176
Let d(q) = q**3 + 41*q**2 + 346*q + 8. Give d(-11).
-168
Let r(s) = 4*s - 67. Calculate r(11).
-23
Let c(j) = -j**3 + 11*j**2 + 60*j + 203. Give c(15).
203
Let k(o) = -35*o - 606. Give k(-22).
164
Let z(k) = 10*k + 163. Give z(-18).
-17
Let r(v) = 3*v**3 - 95*v**2 - 125*v + 8. Determine r(33).
239
Let c(n) = n**3 + 6*n**2 + 7*n - 2. Determine c(-5).
-12
Let m(h) = -h**2 + 5*h + 22. Give m(-18).
-392
Let m(k) = k**2 + 56*k + 398. Give m(-49).
55
Let g(q) = -18*q + 309. Calculate g(17).
3
Let x(p) = 77*p + 22413. Determine x(-291).
6
Let h(d) = -2*d**2 + 61*d - 439. Calculate h(12).
5
Let u(v) = 21*v**2 - 4853*v + 472. Give u(231).
10
Let f(i) = -36*i**2 - 20*i + 20. Calculate f(0).
20
Let h(b) = -7*b + 208. Give h(47).
-121
Let x(u) = -2*u**2 - 69*u + 2030. Give x(19).
-3
Let p(i) = 461*i + 1843. Give p(-4).
-1
Let w(s) = -s**3 - 19*s**2 - 16*s - 10. What is w(-18)?
-46
Let d(s) = -3*s**3 - 39*s**2 + 42*s - 43. Give d(-14).
-43
Let s(w) = -2*w**2 + 47*w + 83. Calculate s(26).
-47
Let a(q) = -q**2 - 37*q + 170. Determine a(4).
6
Let k(u) = u**2 - 181*u + 3776. Determine k(24).
8
Let q(a) = 560*a + 4475. Give q(-8).
-5
Let s(o) = -3*o**2 - 182*o - 178. Determine s(-58).
286
Let i(t) = t**3 - 6*t**2 + 24*t - 56. Give i(6).
88
Let j(w) = -252*w + 10320. What is j(41)?
-12
Let r(d) = -86*d - 303. Determine r(-7).
299
Let h(b) = -2*b**2 - 37*b + 22. What is h(-20)?
-38
Let f(p) = 19*p**2 - 51*p + 105. Give f(2).
79
Let h(m) = -2*m**2 + 94*m + 504. Calculate h(-5).
-16
Let p(x) = 67*x + 96. Determine p(-2).
-38
Let k(g) = g**3 + 71*g**2 - 70*g + 157. Determine k(-72).
13
Let x(t) = t**2 - 44*t - 610. Calculate x(-12).
62
Let g(y) = y**3 - 122*y**2 + 226*y + 1642. Give g(120).
-38
Let g(u) = -u**2 - 18*u - 20. Determine g(-8).
60
Let a(d) = -773*d - 30921. Give a(-40).
-1
Let u(x) = x**2 - 23*x + 24. What is u(11)?
-108
Let x(i) = i**3 + 24*i**2 - 187*i - 142. Calculate x(-30).
68
Let d(v) = 118*v**2 + 45*v - 49. Give d(1).
114
Let k(l) = l + 34. Give k(3).
37
Let n(g) = -g**3 - 13*g**2 - 31*g - 15. What is n(-9)?
-60
Let n(j) = -75*j + 57. Calculate n(3).
-168
Let l(m) = 2*m**2 + 53*m - 928. Calculate l(13).
99
Let v(z) = z**3 + 86*z**2 - 205*z - 2576. What is v(-88)?
-24
Let n(d) = d**2 - 250*d - 1012. Give n(-4).
4
Let z(r) = 671*r - 3455. Calculate z(5).
-100
Let f(z) = -73*z - 2008. What is f(-26)?
-110
Let q(g) = g**3 - 2*g**2 - 983*g + 2932. Determine q(3).
-8
Let f(d) = 461*d - 3534. Give f(8).
154
Let q(m) = -m**2 - 66*m + 399. Determine q(-72).
-33
Let a(u) = -2*u**3 + 7*u**2 + 6*u. Determine a(4).
8
Let r(y) = -17*y - 253. Calculate r(-14).
-15
Let t(p) = -p**3 - 15*p**2 - 46*p + 23. What is t(-9)?
-49
Let o(m) = m + 106. Give o(-53).
53
Let k(h) = -2*h**2 + 15*h + 99. Calculate k(11).
22
Let q(z) = -110*z + 94. Calculate q(2).
-126
Let l(s) = -4*s**2 - 10*s + 14. Determine l(1).
0
Let u(p) = -332*p + 12616. Calculate u(38).
0
Let w(f) = -26*f + 524. Calculate w(22).
-48
Let h(j) = -500*j + 2486. Calculate h(5).
-14
Let h(i) = 45*i**2 - 53*i - 4. Give h(1).
-12
Let y(c) = -7*c**3 - 5*c**2 - 19. Determine y(3).
-253
Let i(o) = 685*o + 21926. What is i(-32)?
6
Let s(b) = -380*b**3 + 1140*b**2 - 3*b + 7. Calculate s(3).
-2
Let o(n) = -28*n**2 - 35*n + 10. Determine o(-2).
-32
Let m(z) = -z**3 + 23*z**2 + 553. Calculate m(24).
-23
Let i(j) = 5*j**2 + 355*j - 295. Determine i(-72).
65
Let i(v) = 6*v**2 + 134*v + 47. Calculate i(-22).
3
Let l(a) = 133*a + 2532. What is l(-20)?
-128
Let q(a) = 28*a**2 - 978*a - 90. Determine q(35).
-20
Let d(u) = u**2 - 256*u + 1489. Calculate d(6).
-11
Let i(f) = 21*f - 453. Calculate i(22).
9
Let i(n) = -20*n + 333. Give i(18).
-27
Let j(x) = 2*x**3 - 14*x**2 + 39*x - 161. Determine j(7).
112
Let r(m) = -m**3 - 3*m**2 - 4*m - 23. Determine r(-3).
-11
Let k(d) = -d**3 + 11*d**2 - 125*d + 926. Give k(9).
-37
Let l(n) = -17*n + 124. Calculate l(7).
5
Let u(k) = -2*k - 252. What is u(-46)?
-160
Let i(r) = -r**2 - 4*r + 52. Calculate i(-9).
7
Let a(d) = 11*d**3 - 4*d**2 + 14*d - 23. Calculate a(2).
77
Let v(y) = 3*y**2 - 57*y + 46. Calculate v(7).
-206
Let q(m) = -200*m - 974. Calculate q(-5).
26
Let s(f) = f**2 - 22*f + 109. Calculate s(7).
4
Let i(v) = 31*v + 82. Give i(-11).
-259
Let l(s) = 2*s**3 + 40*s**2 + 69*s + 13. Give l(-18).
67
Let u(g) = g**2 + 51*g - 2382. Give u(-81).
48
Let g(v) = -v**2 + 96*v - 588. Give g(6).
-48
Let o(w) = -11016*w - 110167. Calculate o(-10).
-7
Let i(m) = m**2 + 536*m + 6801. Determine i(-13).
2
Let b(g) = 104*g + 519. Give b(-5).
-1
Let h(r) = -r**2 + 2224*r + 69901. Determine h(-31).
-4
Let w(g) = -8*g**3 + 5*g**2 + 218*g - 224. Give w(1).
-9
Let q(o) = -49*o**2 - 1322*o + 5. What is q(-27)?
-22
Let t(n) = -n**2 - 17*n + 27. Calculate t(2).
-11
Let u(r) = -r**3 - 13*r**2 - 38*r + 16. Calculate u(-9).
34
Let y(v) = v**3 + 24*v**2 - 139*v + 168. Give y(-29).
-6
Let o(x) = x**3 + 10*x**2 - 11*x - 210. Calculate o(-8).
6
Let l(i) = -740*i + 1481. Give l(2).
1
Let p(o) = -o**2 + 22*o + 117. Determine p(21).
138
Let i(x) = -x**3 + 5*x**2 - 4*x - 15. Calculate i(5).
-35
Let b(f) = -32*f - 779. Determine b(-25).
21
Let n(g) = -g**2 + 84*g + 954. Give n(-10).
14
Let z(l) = -11*l**2 + 120*l - 117. What is z(10)?
-17
Let y(z) = -4*z**2 + 143*z - 23. Give y(36).
-59
Let f(x) = -x**3 + 34*x**2 - 167*x - 28. What is f(28)?
0
Let o(u) = 17*u + 372. Give o(-8).
236
Let t(g) = 7*g + 747. What is t(-108)?
-9
Let m(u) = u**2 - 1097*u - 4401. Give m(-4).
3
Let o(a) = -a**3 - 20*a**2 - 12*a + 124. Calculate o(-19).
-9
Let b(m) = -14*m**2 + 539*m - 261. Give b(38).
5
Let f(m) = 2*m**3 - 38*m**2 + 39*m - 25. Give f(18).
29
Let r(y) = -3*y**2 + 162*y - 668. Calculate r(4).
-68
Let a(q) = -3*q**3 + 9*q**2 + 8*q - 35. Calculate a(5).
-145
Let p(r) = r**2 + 10*r - 96. Determine p(-19).
75
Let d(p) = -p**3 + 97*p**2 + 76*p - 7371. What is d(97)?
1
Let v(x) = -8*x + 206. Determine v(24).
14
Let b(p) = -p + 17. What is b(14)?
3
Let l(m) = 26*m + 46. Determine l(-22).
-526
Let x(d) = d**3 + 18*d**2 + 13*d - 79. What is x(-17)?
-11
Let p(u) = -u**2 + 951*u - 15867. Calculate p(17).
11
Let k(h) = 3*h**2 - 6*h + 64. What is k(8)?
208
Let j(i) = -1083*i + 11921. Give j(11).
8
Let d(i) = -i**2 + 31*i - 200. What is d(26)?
-70
Let i(c) = -c**2 